77200
Convert -30430 (base 7) to base 4.
-1303330
-1001001010110 (base 2) to base 12
-2872
-23404 (base 5) to base 6
-12001
-804 (base 15) to base 7
-5155
2122212022 (base 3) to base 14
15140
What is 44209 (base 12) in base 9?
146600
-14321 (base 7) to base 10
-3935
What is -2121210010 (base 3) in base 9?
-77703
What is -21601 (base 8) in base 3?
-110110122
-148a2 (base 11) to base 14
-7953
-1022404 (base 5) to base 2
-100001101001101
Convert 6624 (base 16) to base 10.
26148
What is -2413 (base 9) in base 7?
-5142
What is -7814 (base 11) in base 12?
-5b64
186 (base 15) to base 6
1343
-1662 (base 8) to base 13
-57a
Convert 44320 (base 5) to base 2.
110000001101
What is -1354 (base 10) in base 14?
-6ca
What is 807 (base 11) in base 13?
5a0
55466 (base 7) to base 2
11011010001100
Convert -4b9 (base 16) to base 2.
-10010111001
Convert -1060 (base 8) to base 16.
-230
What is 11421 (base 5) in base 11?
713
21f (base 16) to base 2
1000011111
1298 (base 10) to base 14
68a
What is 2a90 (base 15) in base 11?
6955
Convert 30133 (base 7) to base 5.
213101
What is 221330 (base 4) in base 3?
10200102
-6e8 (base 15) to base 9
-2132
What is 145 (base 6) in base 12?
55
Convert -25055 (base 7) to base 10.
-6557
What is 122001112 (base 3) in base 14?
4762
What is -10232 (base 7) in base 9?
-3412
-205 (base 9) to base 11
-142
What is a23 (base 14) in base 3?
2201202
What is -101120 (base 3) in base 12?
-1b9
What is 168 (base 14) in base 16?
120
What is -11101100110010 (base 2) in base 8?
-35462
25261 (base 8) to base 10
10929
-101222111 (base 3) to base 6
-101021
Convert 1641 (base 10) to base 9.
2223
What is 1211211 (base 4) in base 16?
1965
Convert 144434 (base 6) to base 9.
21164
1456c (base 15) to base 3
10022122110
Convert -22001101 (base 3) to base 8.
-13355
What is 426 (base 12) in base 2?
1001011110
What is -152 (base 12) in base 10?
-206
What is -49f (base 16) in base 7?
-3310
What is 1004114 (base 5) in base 10?
16159
What is -7520 (base 8) in base 9?
-5335
What is 2476 (base 9) in base 15?
836
What is 18706 (base 9) in base 15?
3c96
-636 (base 11) to base 8
-1375
Convert 35 (base 12) to base 4.
221
-66460 (base 9) to base 16
-ac56
What is -71d5 (base 14) in base 5?
-1111331
11a (base 15) to base 11
208
What is 48840 (base 9) in base 11?
22682
-2661 (base 8) to base 6
-10425
Convert 1312001 (base 4) to base 9.
11322
What is -609 (base 15) in base 6?
-10143
b43 (base 15) to base 2
100111101010
3007 (base 8) to base 13
919
Convert -3615 (base 13) to base 7.
-31140
Convert -23330 (base 5) to base 6.
-11535
41151 (base 7) to base 9
14676
28039 (base 10) to base 2
110110110000111
What is -366 (base 7) in base 8?
-303
Convert 103 (base 6) to base 11.
36
What is -5224 (base 6) in base 16?
-490
10510 (base 13) to base 11
20115
What is -31402 (base 5) in base 15?
-952
731 (base 14) to base 5
21130
1188 (base 9) to base 12
622
Convert 187c (base 13) to base 12.
2144
Convert 696 (base 12) to base 3.
1100020
Convert -85 (base 12) to base 11.
-92
What is -8302 (base 15) in base 6?
-332045
-13330 (base 4) to base 7
-1324
Convert 10024 (base 7) to base 16.
973
-100000110110 (base 2) to base 8
-4066
-4658 (base 13) to base 7
-40535
What is 25a (base 12) in base 11?
2a6
Convert 415330 (base 6) to base 10.
33606
Convert 2327 (base 9) to base 4.
122332
What is 98 (base 14) in base 11?
112
What is 120111 (base 5) in base 10?
4406
Convert -b72 (base 12) to base 11.
-1289
Convert 1101111 (base 3) to base 11.
840
-283 (base 16) to base 10
-643
-517 (base 13) to base 11
-717
What is 12343 (base 5) in base 15?
44d
Convert 701 (base 8) to base 16.
1c1
What is 1295 (base 16) in base 13?
221c
112000 (base 3) to base 5
3003
-2563 (base 12) to base 13
-1c20
Convert 85ba (base 12) to base 8.
34536
a40 (base 13) to base 8
3316
What is 45321 (base 10) in base 4?
23010021
Convert -1114 (base 6) to base 15.
-127
What is 2150 (base 8) in base 13?
68a
What is -16436 (base 7) in base 14?
-19c6
367 (base 16) to base 12
607
Convert -40133 (base 6) to base 3.
-21012010
What is -23020 (base 4) in base 7?
-2035
What is -877 (base 16) in base 6?
-14011
Convert 13b9b (base 12) to base 5.
1340443
120222000 (base 3) to base 6
125513
Convert -141103 (base 5) to base 14.
-216a
Convert 222 (base 3) to base 4.
122
Convert 2120 (base 3) to base 16.
45
What is 321 (base 4) in base 7?
111
-182b (base 15) to base 12
-3028
What is a318 (base 14) in base 5?
1344200
Convert 31c0 (base 15) to base 13.
4a40
-67108 (base 9) to base 5
-2411213
Convert 20201 (base 4) to base 16.
221
-41011 (base 5) to base 7
-10446
What is -1dd (base 14) in base 4?
-12013
Convert 4379 (base 10) to base 15.
146e
What is -111110222 (base 3) in base 5?
-303302
What is 1626 (base 7) in base 8?
1221
-23a (base 11) to base 8
-435
-115422 (base 7) to base 10
-21135
Convert -10241 (base 5) to base 14.
-37a
-1303 (base 6) to base 7
-645
53 (base 10) to base 14
3b
What is 142433 (base 5) in base 15?
1b98
What is -51a (base 11) in base 9?
-765
-34013 (base 5) to base 6
-15011
Convert -3aa (base 14) to base 3.
-1000100
2350 (base 8) to base 7
3443
-1152 (base 16) to base 4
-1011102
What is -11010111010010 (base 2) in base 16?
-35d2
Convert -ebd (base 15) to base 10.
-3328
Convert -3011 (base 8) to base 3.
-2010020
-b5 (base 16) to base 2
-10110101
Convert -1220201 (base 3) to base 11.
-105a
What is -51 (base 12) in base 2?
-111101
-325 (base 12) to base 4
-13031
-143043 (base 5) to base 15
-1bb8
-1011000110100 (base 2) to base 9
-7715
Convert 16110 (base 8) to base 14.
28d2
1000000111010 (base 2) to base 3
12200212
What is 1343 (base 14) in base 4?
310333
What is 1212 (base 5) in base 2?
10110110
What is 228 (base 11) in base 3?
101002
What is -16a (base 16) in base 11?
-2aa
37d9 (base 15) to base 7
46464
What is -33230 (base 6) in base 11?
-3526
What is 2310 (base 4) in base 13?
10b
Convert -926 (base 12) to base 4.
-110232
Convert 221010 (base 3) to base 15.
303
-a1cd (base 15) to base 4
-20111320
Convert -13404 (base 6) to base 15.
-947
Convert 1145 (base 9) to base 12.
5ab
What is -310134 (base 6) in base 16?
-606a
What is -1000102 (base 3) in base 16?
-2e4
2591 (base 15) to base 5
224021
1014442 (base 5) to base 10
16872
-22b (base 13) to base 15
-1a0
What is 1bb (base 12) in base 8?
437
What is 3612 (base 12) in base 15?
1be2
442054 (base 6) to base 16
8f92
1301 (base 4) to base 14
81
-11233333 (base 4) to base 2
-101101111111111
Convert -16746 (base 10) to base 16.
-416a
What is -11101001111 (base 2) in base 8?
-3517
-10522 (base 6) to base 12
-a42
What is 1011011111 (base 2) in base 6?
3223
What is 10000110110111110 (base 2) in base 12?
33b66
What is -1ec (base 15) in base 16?
-1bf
What is 1213 (base 7) in base 10?
451
571 (base 14) to base 16
437
121 (base 12) to base 11
144
55b9 (base 13) to base 7
46635
Convert 1c4 (base 16) to base 5.
3302
Convert -25cc (base 13) to base 10.
-5407
Convert e0 (base 16) to base 3.
22022
What is -1000011100 (base 2) in base 3?
-202000
Convert -3513 (base 8) to base 13.
-b08
Convert 11112 (base 3) to base 13.
95
1000122 (base 3) to base 4
23222
What is 257 (base 11) in base 12?
214
3044 (base 8) to base 13
93c
1100001100010010 (base 2) to base 7
265410
What is 237e (base 15) in base 14?
2a6c
Convert -1100111001 (base 2) to base 14.
-42d
-15bb (base 14) to base 3
-12100001
Convert 403 (base 10) to base 4.
12103
-11123 (base 4) to base 3
-110212
What is 2410123 (base 5) in base 6?
541341
-1002133 (base 4) to base 16
-109f
What is -6998 (base 10) in base 4?
-1231112
What is -19006 (base 11) in base 6?
-323134
201102 (base 3) to base 4
20030
What is 100111100000101 (base 2) in base 15?
5ed9
-8777 (base 9) to base 10
-6469
Convert -1002121 (base 3) to base 6.
-3411
Convert -11332 (base 9) to base 7.
-31022
-1b0 (base 13) to base 4
-10320
What is -33007 (base 8) in base 2?
-11011000000111
Convert -6e76 (base 16) to base 15.
-85a3
-696 (base 16) to base 11
-12a3
-15009 (base 11) to base 6
-242345
What is -10000101 (base 2) in base 10?
-133
What is -59a (base 14) in base 16?
-45c
What is -312020 (base 4) in base 14?
-1396
-2013 (base 7) to base 9
-853
Convert 520 (base 9) to base 11.
355
Convert 14063 (base 7) to base 6.
25402
67 (base 10) to base 12
57
12515 (base 7) to base 12
1b28
Convert -111052 (base